t is 2303 (base 4) in base 8?
263
Convert 10011 (base 2) to base 9.
21
Convert 1 (base 8) to base 5.
1
What is 6 (base 16) in base 5?
11
What is 12 (base 7) in base 14?
9
41 (base 6) to base 11
23
What is 6d (base 15) in base 5?
403
What is 4 (base 7) in base 11?
4
-1132 (base 6) to base 10
-272
What is 0 (base 12) in base 3?
0
Convert 4 (base 8) to base 15.
4
Convert 1100111 (base 2) to base 10.
103
Convert 2 (base 14) to base 5.
2
What is -27 (base 9) in base 2?
-11001
20 (base 9) to base 10
18
1a4 (base 14) to base 10
340
12 (base 4) to base 6
10
-17 (base 10) to base 2
-10001
Convert -1 (base 15) to base 3.
-1
Convert -30 (base 4) to base 5.
-22
What is 141 (base 6) in base 7?
115
-114 (base 5) to base 15
-24
-f (base 16) to base 7
-21
Convert 101 (base 6) to base 2.
100101
Convert -3 (base 10) to base 14.
-3
What is -2 (base 11) in base 9?
-2
Convert 18 (base 12) to base 3.
202
What is 2d (base 14) in base 11?
38
Convert 1 (base 10) to base 6.
1
Convert 424 (base 6) to base 13.
c4
47 (base 8) to base 11
36
Convert 0 (base 15) to base 16.
0
What is -13 (base 6) in base 5?
-14
Convert 253 (base 7) to base 13.
a6
What is -4 (base 12) in base 8?
-4
Convert -ca (base 14) to base 13.
-109
7 (base 15) to base 12
7
-4 (base 9) to base 3
-11
Convert -10 (base 11) to base 16.
-b
Convert -231 (base 7) to base 16.
-78
Convert -362 (base 8) to base 4.
-3302
What is -11 (base 2) in base 16?
-3
What is -52 (base 11) in base 9?
-63
What is 32 (base 5) in base 13?
14
Convert -2 (base 15) to base 6.
-2
6 (base 10) to base 16
6
What is 80 (base 9) in base 7?
132
What is -422 (base 6) in base 8?
-236
-101 (base 3) to base 6
-14
-12 (base 6) to base 8
-10
What is -2 (base 3) in base 16?
-2
Convert -2 (base 9) to base 4.
-2
What is 32 (base 11) in base 16?
23
Convert 4 (base 8) to base 10.
4
What is 245 (base 8) in base 14?
bb
Convert -165 (base 7) to base 14.
-6c
Convert -4 (base 16) to base 6.
-4
-241 (base 6) to base 13
-76
-21 (base 8) to base 7
-23
Convert 3 (base 13) to base 9.
3
-6 (base 14) to base 2
-110
Convert 20 (base 16) to base 4.
200
What is 15 (base 16) in base 3?
210
What is 201 (base 4) in base 2?
100001
Convert 1 (base 2) to base 9.
1
What is -32 (base 6) in base 15?
-15
What is 2 (base 14) in base 12?
2
2 (base 14) to base 12
2
Convert 252 (base 10) to base 5.
2002
Convert -9 (base 12) to base 9.
-10
What is -16 (base 9) in base 7?
-21
-345 (base 8) to base 14
-125
What is 49 (base 15) in base 8?
105
3 (base 8) to base 2
11
Convert -1 (base 11) to base 7.
-1
Convert -16 (base 16) to base 8.
-26
Convert 1034 (base 5) to base 10.
144
Convert -a (base 16) to base 15.
-a
Convert 101010111 (base 2) to base 6.
1331
-144 (base 5) to base 11
-45
What is -4 (base 11) in base 13?
-4
Convert 222 (base 5) to base 11.
57
a (base 11) to base 2
1010
What is 1 (base 10) in base 9?
1
What is -12010 (base 3) in base 6?
-350
What is -20 (base 14) in base 4?
-130
Convert 11 (base 7) to base 4.
20
-12 (base 3) to base 12
-5
What is -12 (base 4) in base 3?
-20
What is -80 (base 13) in base 10?
-104
1111 (base 2) to base 5
30
Convert -10 (base 2) to base 12.
-2
Convert -10 (base 16) to base 4.
-100
What is 11100 (base 2) in base 6?
44
Convert -111110 (base 2) to base 10.
-62
1 (base 3) to base 5
1
9 (base 10) to base 12
9
Convert 7 (base 14) to base 3.
21
What is -1 (base 11) in base 9?
-1
-42 (base 6) to base 15
-1b
What is 19 (base 15) in base 6?
40
What is 41 (base 15) in base 8?
75
301 (base 4) to base 2
110001
22 (base 6) to base 4
32
202 (base 4) to base 7
46
-211 (base 4) to base 7
-52
What is 4 (base 16) in base 2?
100
What is 50 (base 7) in base 6?
55
Convert -2 (base 12) to base 7.
-2
41 (base 9) to base 5
122
Convert 1 (base 8) to base 7.
1
12 (base 4) to base 7
6
Convert 13 (base 13) to base 12.
14
What is 6 (base 12) in base 5?
11
What is 3 (base 12) in base 13?
3
-305 (base 6) to base 3
-11012
What is 1013 (base 6) in base 4?
3201
-4 (base 9) to base 16
-4
What is 1 (base 7) in base 14?
1
67 (base 9) to base 7
115
What is -2 (base 14) in base 2?
-10
Convert 1001 (base 2) to base 7.
12
Convert 176 (base 9) to base 14.
aa
What is -a (base 15) in base 2?
-1010
Convert 125 (base 9) to base 4.
1220
Convert -1 (base 3) to base 11.
-1
Convert -1430 (base 5) to base 6.
-1040
What is 10101 (base 3) in base 2?
1011011
What is 37 (base 10) in base 6?
101
1 (base 11) to base 5
1
What is -10 (base 3) in base 12?
-3
1110 (base 2) to base 15
e
10011001 (base 2) to base 6
413
What is 81 (base 11) in base 7?
155
What is -4 (base 13) in base 8?
-4
-a (base 15) to base 4
-22
-33 (base 16) to base 7
-102
Convert 142 (base 13) to base 6.
1011
Convert -21 (base 3) to base 15.
-7
What is -6 (base 8) in base 11?
-6
What is -75 (base 13) in base 4?
-1200
-10 (base 3) to base 6
-3
-5 (base 9) to base 15
-5
101 (base 3) to base 7
13
-1 (base 9) to base 12
-1
-4 (base 9) to base 14
-4
What is -3 (base 6) in base 9?
-3
-221 (base 5) to base 2
-111101
Convert -a4 (base 12) to base 8.
-174
Convert -176 (base 13) to base 16.
-10a
Convert -53 (base 13) to base 4.
-1010
Convert 4 (base 12) to base 14.
4
What is -2 (base 10) in base 8?
-2
What is 6 (base 13) in base 12?
6
3 (base 12) to base 14
3
What is -21 (base 4) in base 13?
-9
Convert -19 (base 15) to base 2.
-11000
What is -2 (base 3) in base 13?
-2
What is 50 (base 6) in base 4?
132
Convert -1 (base 3) to base 13.
-1
What is 49 (base 10) in base 4?
301
What is -10101101 (base 2) in base 6?
-445
Convert 43 (base 8) to base 16.
23
Convert -202 (base 10) to base 8.
-312
-10110 (base 2) to base 10
-22
Convert -9 (base 11) to base 7.
-12
Convert 2 (base 12) to base 3.
2
-4 (base 9) to base 14
-4
What is -215 (base 9) in base 13?
-107
What is -111 (base 3) in base 4?
-31
Convert -4 (base 8) to base 7.
-4
a (base 11) to base 12
a
What is -111 (base 2) in base 10?
-7
Convert 12 (base 9) to base 14.
b
Convert -10 (base 9) to base 4.
-21
What is -9 (base 14) in base 15?
-9
-1 (base 5) to base 4
-1
3002 (base 4) to base 2
11000010
What is 39 (base 16) in base 5?
212
Convert -10 (base 2) to base 14.
-2
4a (base 11) to base 3
2000
Convert 8 (base 12) to base 4.
20
What is 200 (base 3) in base 15?
13
What is 4 (base 11) in base 5?
4
-12 (base 3) to base 8
-5
-212 (base 3) to base 16
-17
2 (base 7) to base 14
2
Convert -56 (base 9) to base 10.
-51
Convert -1 (base 6) to base 14.
-1
What is -1b0 (base 13) in base 16?
-138
-13 (base 8) to base 4
-23
What is 23 (base 4) in base 10?
11
What is 60 (base 9) in base 14?
3c
-2 (base 11) to base 2
-10
2 (base 9) to base 6
2
What is 85 (base 10) in base 7?
151
Convert 1 (base 16) to base 7.
1
0 (base 12) to base 11
0
Convert 0 (base 9) to base 13.
0
Convert 24 (base 15) to base 5.
114
What is -1 (base 4) in base 16?
-1
Convert 0 (base 10) to base 3.
0
What is -26 (base 15) in base 3?
-1100
Convert -10 (base 2) to base 3.
-2
Convert -33 (base 10) to base 4.
-201
What is -76 (base 15) in base 9?
-133
What is -53 (base 8) in base 2?
-101011
What is 5 (base 14) in base 7?
5
Convert 13 (base 15) to base 8.
22
Convert -2 (base 14) to base 12.
-2
What is 100010 (base 2) in base 4?
202
Convert -104 (base 5) to base 12.
-25
9 (base 14) to base 16
9
20 (base 14) to base 2
11100
3 (base 12) to base 11
3
What is 317 (base 8) in base 16?
cf
What is -24 (base 6) in base 16?
-10
What is -1000010 (base 2) in base 3?
-2110
1 (base 5) to base 2
1
What is 0 (base 10) in base 13?
0
Convert -1 (base 8) to base 7.
-1
What is 222 (base 7) in base 11?
a4
11 (base 4) to base 2
101
-63 (base 11) to base 13
-54
10 (base 3) to base 15
3
Convert -2 (base 9) to base 6.
-2
32 (base 4) to base 2
1110
Convert 13 (base 7) to base 10.
10
-44 (base 11) to base 9
-53
180 (base 9) to base 13
ba
Convert -10 (base 4) to base 9.
-4
Convert 0 (base 16) to base 10.
0
-6 (base 12) to base 5
-11
-11100 (base 2) to base 14
-20
Convert 4 (base 7) to base 3.
11
Convert -15 (base 9) to base 10.
-14
Convert 0 (base 6) to base 2.
0
-7 (base 15) to base 13
-7
Convert 14 (base 6) to base 14.
a
What is 12 (base 5) in base 2?
111
What is 0 (base 9) in base 2?
0
-87 (base 13) to base 15
-76
2e (base 16) to base 10
46
187 (base 10) to base 3
20221
Convert 4 (base 11) to base 2.
100
What is 1 (base 11) in base 3?
1
What is -1220 (base 3) in base 5?
-201